{"id":1017,"date":"2021-11-17T22:23:37","date_gmt":"2021-11-17T21:23:37","guid":{"rendered":"http:\/\/rueducosmetic.fr\/?post_type=product&#038;p=1017"},"modified":"2024-06-18T18:45:33","modified_gmt":"2024-06-18T16:45:33","slug":"victorias-secret-love-spell","status":"publish","type":"product","link":"https:\/\/rueducosmetic.fr\/index.php\/produit\/victorias-secret-love-spell\/","title":{"rendered":"Victoria&rsquo;s Secret &#8211; Love Spell"},"content":{"rendered":"<p>Brume Parfum\u00e9e &#8211; Victoria&rsquo;s Secret &#8211; Love Spell<\/p>\n<p>Composition :<br \/>\npomme rouge, tamarinier, lila, fleur de cerisier, muguet, p\u00eache, jasmin, musc<\/p>\n<p>Type de parfum :<br \/>\nfruit\u00e9, floral<\/p>\n","protected":false},"excerpt":{"rendered":"<ul>\n<li>ar\u00f4me fruit\u00e9 et fleuri tr\u00e8s attrayant<\/li>\n<li>apporte de l\u2019\u00e9nergie et de la pers\u00e9v\u00e9rance dans toutes les situations<\/li>\n<li>la brume Love Spell est \u00e0 la fois tr\u00e8s douce et tr\u00e8s envo\u00fbtante<\/li>\n<\/ul>\n<p>Composition du parfum :<br \/>\nDe douces fleurs de cerises vous enveloppent d\u2019une \u00e9nergie fra\u00eeche, l\u00e9g\u00e8re et apaisante. \u00c0 leur c\u00f4t\u00e9 se d\u00e9veloppe la d\u00e9licieuse fra\u00eecheur de la p\u00eache qui \u00e9veille les souvenirs de longues journ\u00e9es estivales pleines d\u2019instants plus beaux les uns que les autres.<\/p>\n","protected":false},"featured_media":1018,"comment_status":"open","ping_status":"closed","template":"","meta":{"site-sidebar-layout":"default","site-content-layout":"default","ast-main-header-display":"","ast-hfb-above-header-display":"","ast-hfb-below-header-display":"","ast-hfb-mobile-header-display":"","site-post-title":"","ast-breadcrumbs-content":"","ast-featured-img":"","footer-sml-layout":"","theme-transparent-header-meta":"default","adv-header-id-meta":"","stick-header-meta":"","header-above-stick-meta":"","header-main-stick-meta":"","header-below-stick-meta":"","spay_email":""},"product_cat":[28,31],"product_tag":[],"yoast_head":"<!-- This site is optimized with the Yoast SEO plugin v24.5 - https:\/\/yoast.com\/wordpress\/plugins\/seo\/ -->\n<title>Victoria&#039;s Secret - Love Spell - RueduCosmetic<\/title>\n<meta name=\"robots\" content=\"index, follow, max-snippet:-1, max-image-preview:large, max-video-preview:-1\" \/>\n<link rel=\"canonical\" href=\"https:\/\/rueducosmetic.fr\/index.php\/produit\/victorias-secret-love-spell\/\" \/>\n<meta property=\"og:locale\" content=\"fr_FR\" \/>\n<meta property=\"og:type\" content=\"article\" \/>\n<meta property=\"og:title\" content=\"Victoria&#039;s Secret - Love Spell - RueduCosmetic\" \/>\n<meta property=\"og:description\" content=\"ar\u00f4me fruit\u00e9 et fleuri tr\u00e8s attrayant  apporte de l\u2019\u00e9nergie et de la pers\u00e9v\u00e9rance dans toutes les situations  la brume Love Spell est \u00e0 la fois tr\u00e8s douce et tr\u00e8s envo\u00fbtante  Composition du parfum : De douces fleurs de cerises vous enveloppent d\u2019une \u00e9nergie fra\u00eeche, l\u00e9g\u00e8re et apaisante. \u00c0 leur c\u00f4t\u00e9 se d\u00e9veloppe la d\u00e9licieuse fra\u00eecheur de la p\u00eache qui \u00e9veille les souvenirs de longues journ\u00e9es estivales pleines d\u2019instants plus beaux les uns que les autres.\" \/>\n<meta property=\"og:url\" content=\"https:\/\/rueducosmetic.fr\/index.php\/produit\/victorias-secret-love-spell\/\" \/>\n<meta property=\"og:site_name\" content=\"RueduCosmetic\" \/>\n<meta property=\"article:modified_time\" content=\"2024-06-18T16:45:33+00:00\" \/>\n<meta property=\"og:image\" content=\"https:\/\/rueducosmetic.fr\/wp-content\/uploads\/2021\/11\/love-spell.jpg\" \/>\n\t<meta property=\"og:image:width\" content=\"600\" \/>\n\t<meta property=\"og:image:height\" content=\"600\" \/>\n\t<meta property=\"og:image:type\" content=\"image\/jpeg\" \/>\n<meta name=\"twitter:card\" content=\"summary_large_image\" \/>\n<meta name=\"twitter:label1\" content=\"Dur\u00e9e de lecture estim\u00e9e\" \/>\n\t<meta name=\"twitter:data1\" content=\"1 minute\" \/>\n<script type=\"application\/ld+json\" class=\"yoast-schema-graph\">{\"@context\":\"https:\/\/schema.org\",\"@graph\":[{\"@type\":\"WebPage\",\"@id\":\"https:\/\/rueducosmetic.fr\/index.php\/produit\/victorias-secret-love-spell\/\",\"url\":\"https:\/\/rueducosmetic.fr\/index.php\/produit\/victorias-secret-love-spell\/\",\"name\":\"Victoria's Secret - Love Spell - RueduCosmetic\",\"isPartOf\":{\"@id\":\"https:\/\/rueducosmetic.fr\/#website\"},\"primaryImageOfPage\":{\"@id\":\"https:\/\/rueducosmetic.fr\/index.php\/produit\/victorias-secret-love-spell\/#primaryimage\"},\"image\":{\"@id\":\"https:\/\/rueducosmetic.fr\/index.php\/produit\/victorias-secret-love-spell\/#primaryimage\"},\"thumbnailUrl\":\"https:\/\/rueducosmetic.fr\/wp-content\/uploads\/2021\/11\/love-spell.jpg\",\"datePublished\":\"2021-11-17T21:23:37+00:00\",\"dateModified\":\"2024-06-18T16:45:33+00:00\",\"breadcrumb\":{\"@id\":\"https:\/\/rueducosmetic.fr\/index.php\/produit\/victorias-secret-love-spell\/#breadcrumb\"},\"inLanguage\":\"fr-FR\",\"potentialAction\":[{\"@type\":\"ReadAction\",\"target\":[\"https:\/\/rueducosmetic.fr\/index.php\/produit\/victorias-secret-love-spell\/\"]}]},{\"@type\":\"ImageObject\",\"inLanguage\":\"fr-FR\",\"@id\":\"https:\/\/rueducosmetic.fr\/index.php\/produit\/victorias-secret-love-spell\/#primaryimage\",\"url\":\"https:\/\/rueducosmetic.fr\/wp-content\/uploads\/2021\/11\/love-spell.jpg\",\"contentUrl\":\"https:\/\/rueducosmetic.fr\/wp-content\/uploads\/2021\/11\/love-spell.jpg\",\"width\":600,\"height\":600,\"caption\":\"\u00e0 ajout\u00e9\"},{\"@type\":\"BreadcrumbList\",\"@id\":\"https:\/\/rueducosmetic.fr\/index.php\/produit\/victorias-secret-love-spell\/#breadcrumb\",\"itemListElement\":[{\"@type\":\"ListItem\",\"position\":1,\"name\":\"Accueil\",\"item\":\"https:\/\/rueducosmetic.fr\/\"},{\"@type\":\"ListItem\",\"position\":2,\"name\":\"Shop\",\"item\":\"https:\/\/rueducosmetic.fr\/index.php\/shop\/\"},{\"@type\":\"ListItem\",\"position\":3,\"name\":\"Victoria&rsquo;s Secret &#8211; Love Spell\"}]},{\"@type\":\"WebSite\",\"@id\":\"https:\/\/rueducosmetic.fr\/#website\",\"url\":\"https:\/\/rueducosmetic.fr\/\",\"name\":\"RueduCosmetic\",\"description\":\"Just another Fashion Designer Template\",\"potentialAction\":[{\"@type\":\"SearchAction\",\"target\":{\"@type\":\"EntryPoint\",\"urlTemplate\":\"https:\/\/rueducosmetic.fr\/?s={search_term_string}\"},\"query-input\":{\"@type\":\"PropertyValueSpecification\",\"valueRequired\":true,\"valueName\":\"search_term_string\"}}],\"inLanguage\":\"fr-FR\"}]}<\/script>\n<!-- \/ Yoast SEO plugin. -->","yoast_head_json":{"title":"Victoria's Secret - Love Spell - RueduCosmetic","robots":{"index":"index","follow":"follow","max-snippet":"max-snippet:-1","max-image-preview":"max-image-preview:large","max-video-preview":"max-video-preview:-1"},"canonical":"https:\/\/rueducosmetic.fr\/index.php\/produit\/victorias-secret-love-spell\/","og_locale":"fr_FR","og_type":"article","og_title":"Victoria's Secret - Love Spell - RueduCosmetic","og_description":"ar\u00f4me fruit\u00e9 et fleuri tr\u00e8s attrayant  apporte de l\u2019\u00e9nergie et de la pers\u00e9v\u00e9rance dans toutes les situations  la brume Love Spell est \u00e0 la fois tr\u00e8s douce et tr\u00e8s envo\u00fbtante  Composition du parfum : De douces fleurs de cerises vous enveloppent d\u2019une \u00e9nergie fra\u00eeche, l\u00e9g\u00e8re et apaisante. \u00c0 leur c\u00f4t\u00e9 se d\u00e9veloppe la d\u00e9licieuse fra\u00eecheur de la p\u00eache qui \u00e9veille les souvenirs de longues journ\u00e9es estivales pleines d\u2019instants plus beaux les uns que les autres.","og_url":"https:\/\/rueducosmetic.fr\/index.php\/produit\/victorias-secret-love-spell\/","og_site_name":"RueduCosmetic","article_modified_time":"2024-06-18T16:45:33+00:00","og_image":[{"width":600,"height":600,"url":"https:\/\/rueducosmetic.fr\/wp-content\/uploads\/2021\/11\/love-spell.jpg","type":"image\/jpeg"}],"twitter_card":"summary_large_image","twitter_misc":{"Dur\u00e9e de lecture estim\u00e9e":"1 minute"},"schema":{"@context":"https:\/\/schema.org","@graph":[{"@type":"WebPage","@id":"https:\/\/rueducosmetic.fr\/index.php\/produit\/victorias-secret-love-spell\/","url":"https:\/\/rueducosmetic.fr\/index.php\/produit\/victorias-secret-love-spell\/","name":"Victoria's Secret - Love Spell - RueduCosmetic","isPartOf":{"@id":"https:\/\/rueducosmetic.fr\/#website"},"primaryImageOfPage":{"@id":"https:\/\/rueducosmetic.fr\/index.php\/produit\/victorias-secret-love-spell\/#primaryimage"},"image":{"@id":"https:\/\/rueducosmetic.fr\/index.php\/produit\/victorias-secret-love-spell\/#primaryimage"},"thumbnailUrl":"https:\/\/rueducosmetic.fr\/wp-content\/uploads\/2021\/11\/love-spell.jpg","datePublished":"2021-11-17T21:23:37+00:00","dateModified":"2024-06-18T16:45:33+00:00","breadcrumb":{"@id":"https:\/\/rueducosmetic.fr\/index.php\/produit\/victorias-secret-love-spell\/#breadcrumb"},"inLanguage":"fr-FR","potentialAction":[{"@type":"ReadAction","target":["https:\/\/rueducosmetic.fr\/index.php\/produit\/victorias-secret-love-spell\/"]}]},{"@type":"ImageObject","inLanguage":"fr-FR","@id":"https:\/\/rueducosmetic.fr\/index.php\/produit\/victorias-secret-love-spell\/#primaryimage","url":"https:\/\/rueducosmetic.fr\/wp-content\/uploads\/2021\/11\/love-spell.jpg","contentUrl":"https:\/\/rueducosmetic.fr\/wp-content\/uploads\/2021\/11\/love-spell.jpg","width":600,"height":600,"caption":"\u00e0 ajout\u00e9"},{"@type":"BreadcrumbList","@id":"https:\/\/rueducosmetic.fr\/index.php\/produit\/victorias-secret-love-spell\/#breadcrumb","itemListElement":[{"@type":"ListItem","position":1,"name":"Accueil","item":"https:\/\/rueducosmetic.fr\/"},{"@type":"ListItem","position":2,"name":"Shop","item":"https:\/\/rueducosmetic.fr\/index.php\/shop\/"},{"@type":"ListItem","position":3,"name":"Victoria&rsquo;s Secret &#8211; Love Spell"}]},{"@type":"WebSite","@id":"https:\/\/rueducosmetic.fr\/#website","url":"https:\/\/rueducosmetic.fr\/","name":"RueduCosmetic","description":"Just another Fashion Designer Template","potentialAction":[{"@type":"SearchAction","target":{"@type":"EntryPoint","urlTemplate":"https:\/\/rueducosmetic.fr\/?s={search_term_string}"},"query-input":{"@type":"PropertyValueSpecification","valueRequired":true,"valueName":"search_term_string"}}],"inLanguage":"fr-FR"}]}},"_links":{"self":[{"href":"https:\/\/rueducosmetic.fr\/index.php\/wp-json\/wp\/v2\/product\/1017"}],"collection":[{"href":"https:\/\/rueducosmetic.fr\/index.php\/wp-json\/wp\/v2\/product"}],"about":[{"href":"https:\/\/rueducosmetic.fr\/index.php\/wp-json\/wp\/v2\/types\/product"}],"replies":[{"embeddable":true,"href":"https:\/\/rueducosmetic.fr\/index.php\/wp-json\/wp\/v2\/comments?post=1017"}],"wp:featuredmedia":[{"embeddable":true,"href":"https:\/\/rueducosmetic.fr\/index.php\/wp-json\/wp\/v2\/media\/1018"}],"wp:attachment":[{"href":"https:\/\/rueducosmetic.fr\/index.php\/wp-json\/wp\/v2\/media?parent=1017"}],"wp:term":[{"taxonomy":"product_cat","embeddable":true,"href":"https:\/\/rueducosmetic.fr\/index.php\/wp-json\/wp\/v2\/product_cat?post=1017"},{"taxonomy":"product_tag","embeddable":true,"href":"https:\/\/rueducosmetic.fr\/index.php\/wp-json\/wp\/v2\/product_tag?post=1017"}],"curies":[{"name":"wp","href":"https:\/\/api.w.org\/{rel}","templated":true}]}}